uppose 5*l = 22 + 3. Suppose l*b - 4*b = 3. What is the units digit of (-9 - b)/((-6)/4)?
8
Let w = -5 - -5. Let p be -5 + -1 + w + -1. Let x = p + 11. What is the units digit of x?
4
Let j(g) = -g**3 + g + 1. What is the units digit of j(-3)?
5
Suppose 0*u - u + 3 = 0. Suppose -2*x + b - 31 = -3*x, -2*b = -u*x + 73. What is the tens digit of x?
2
Let d be -1*7 + 0/(-1). Let g = d + 11. What is the units digit of g?
4
Suppose 0 = b + 4, 4*v - 6*b - 104 = -b. What is the units digit of v?
1
Let t(m) = -2*m**3 - m**2 + 4*m + 3. What is the tens digit of t(-5)?
0
Suppose -5*f - 1 = -26. What is the units digit of -3*((-30)/9)/f?
2
Suppose 0 = -5*z - 20, 3*z + 22 = u - 2*z. Suppose -u*o - 1 = -3. What is the units digit of o?
1
Suppose 0 = 3*d - 18 + 6. Suppose 0 = i - d*a - 5, 3*i + a + 120 = 8*i. What is the tens digit of i?
2
Suppose -2*k + 3*k + 2*p - 24 = 0, 3*p = 3*k - 54. Suppose 0 = -4*r - k + 104. What is the units digit of r?
1
Suppose 36 = 6*t - 3*t. What is the tens digit of t?
1
Let q = 8 + -4. Suppose 0 = q*y + 3*g - 174, 2*g + 40 = y + g. Suppose -3*j + 21 = -h, 4*j - 4*h - y = -j. What is the units digit of j?
6
Let x = 216 - 1. What is the units digit of x?
5
Let m(c) = -c**3 + c**2 - c + 4. Let j be m(0). Let s be 1*0/3 - j. Let v = 2 - s. What is the units digit of v?
6
Let i = 0 + 3. Suppose -i*f = -26 - 28. What is the units digit of f?
8
Suppose -a + 2*a = 29. What is the tens digit of a?
2
Let w = -18 - -18. Suppose w = -2*k - 8, -h + k + 0*k + 20 = 0. What is the units digit of h?
6
Suppose j = -2*j + 5*r - 30, r = 2*j + 20. Let b be (-2)/(-5) + (-46)/j. Let n = 3 + b. What is the units digit of n?
8
Let j = -73 - -107. What is the tens digit of j?
3
Let l = 2 + 3. Suppose l = 3*a - 1. What is the units digit of a?
2
Let z = -14 - -23. Let o be 11/(-3) - 3/z. Let h(d) = d**3 + 4*d**2 - 3*d + 1. What is the tens digit of h(o)?
1
Suppose -3*i = 4*j - 117, j - 120 + 37 = -2*i. What is the tens digit of i?
4
Suppose 5*y + 0*y - 340 = 0. What is the tens digit of 0/2 - y/(-4)?
1
Suppose 0 = 3*d - 5*d + 10. Let q(s) = -2 + s - 3*s**3 + 3 - d*s**3. What is the units digit of q(-1)?
8
Suppose 4*a = 2*q + 36 + 8, -4*a = -q - 40. Let p = -9 + a. Suppose -5*l - x + 19 = p, 0 = -2*l - 3*x + 1 + 17. What is the units digit of l?
3
Let h(t) = -16*t + 36. What is the tens digit of h(-12)?
2
Let p(g) = g**3 - 3*g**2 + g - 2. Let y be p(2). Let h(b) = b**2 + 3*b. Let r be h(y). Suppose o - 9 = 3*l, 4 + 4 = r*l. What is the tens digit of o?
1
Suppose -w + 7 = -28. What is the units digit of w?
5
Suppose a = 2 + 2. Suppose a*t = -2*h + 44, t - 41 = -3*h - 0*t. What is the tens digit of h?
1
Suppose 45*g = 52*g - 1190. What is the tens digit of g?
7
Suppose -4*r - 2*r + 132 = 0. What is the units digit of r?
2
Let k = -8 - -34. What is the units digit of k?
6
Suppose 0 = -v + 3*t - 3, 3*v = -5*t + 102 - 41. What is the units digit of v?
2
Suppose -5*n + 2 + 8 = 0. What is the units digit of (-5)/n*(-132)/30?
1
Suppose 0 = 4*m - 170 - 450. What is the hundreds digit of m?
1
Suppose 0 = 5*v - 2*q - 7 - 15, 0 = -2*q - 2. Suppose h + v*h = 0. Suppose -4*f + 16 - 4 = h. What is the units digit of f?
3
What is the tens digit of (16/20)/((-6)/(-105))?
1
Suppose 5*h - 5 - 15 = -5*f, -2*f + 20 = -h. What is the units digit of f?
8
Let o = 92 + 24. What is the tens digit of o?
1
Let s = -59 + 90. What is the units digit of s?
1
Let p be (-21)/5 + (-2)/(-10). What is the tens digit of (-224)/(-22) - p/(-22)?
1
Let d = -1 + -2. Let v = 7 + d. What is the units digit of v?
4
Let b = 24 - -12. Let m(o) = -o**2 + 3. Let h be m(0). Suppose h = x, 4*t + x + 3*x = b. What is the units digit of t?
6
Let k = -133 - -253. What is the hundreds digit of k?
1
Suppose 2*b = -9 + 99. Suppose 2*l - b = -3. What is the units digit of l?
1
Let g(o) = o**2 + 27. Let t be g(0). Suppose -6*r = -3*r - t. What is the units digit of r?
9
Let a(v) = 3*v**2 - 5. Let g be a(-7). Suppose 5*f - g = 2*z - 6*z, 0 = -4*z + 3*f + 126. What is the tens digit of z?
3
Let d be -1 + 1 + (1 - -1). Suppose -1 = -d*p + 3. Suppose -21 = -q - p*q. What is the units digit of q?
7
What is the tens digit of (6/(4 + -10))/((-2)/102)?
5
Let z(x) be the second derivative of -x**3/3 - x**2/2 + x. Let t be z(-4). Suppose h = 2*w + w - t, -4*h + 8 = 0. What is the units digit of w?
3
Suppose -3*h + 12 = -0*h. Suppose -2*q - 27 = -4*t - 117, -h*t = 3*q - 105. What is the tens digit of q?
3
Suppose 304 = 4*j - 4*m, -2*j - 16 + 173 = -m. What is the units digit of j?
1
Let v = -4 - -37. What is the tens digit of v?
3
Suppose 0*c - 239 = -c + j, -3*j = -c + 247. What is the hundreds digit of c?
2
Suppose -3*u - 2*f = -0*u - 4, -10 = -3*u + 4*f. Suppose 0 = 5*i + 5*o - 25, 3*o - 21 + 6 = -4*i. Suppose i*b + u*b - 38 = 0. What is the tens digit of b?
1
Suppose -5*y = -r - 2, 0 = 4*r - y - 4 + 12. Let h = -4 + r. What is the units digit of ((-2)/4)/(3/h)?
1
Suppose 2*y + 2 = 6. Suppose -b - 12 = 2*n - 7*n, 3*n = -y*b + 15. Let h(v) = -v**3 + 3*v**2 + 2*v - 4. What is the units digit of h(b)?
2
Let c be (-1)/2 + 17/2. Let l be (c/(-10))/(3/60). What is the units digit of (-1)/(-4) + (-140)/l?
9
What is the tens digit of (-231 - 7)*(-2)/4?
1
What is the units digit of 5/(-20) + 9/4?
2
Suppose -2*g - g = -225. What is the tens digit of g?
7
Let b(j) be the third derivative of 0*j + 1/12*j**5 + j**2 + 0 + 1/8*j**4 + 1/120*j**6 + 5/6*j**3. What is the units digit of b(-4)?
9
Let i = 39 + -24. What is the units digit of i?
5
Let j(g) = g**2 - 21*g - 105. What is the units digit of j(31)?
5
Let v(l) = l**3 + 4*l**2 - 6*l. What is the units digit of v(-5)?
5
Let p(s) = s**3 - 3*s**2 + 3*s + 3. What is the tens digit of p(4)?
3
Let r(y) = -y**3 - y**2 + 3*y + 2. Let u be r(-2). Suppose 5*z = -h - 8, -3*z - 32 = -h - u*h. What is the units digit of h?
7
Let x(s) = s + 9. Let d be x(-7). Suppose -6*f + 24 = -d*f. Suppose -f*w = -3*w - 27. What is the units digit of w?
9
Suppose -7 = y - 1. What is the units digit of 2*(-2 - (y + 3))?
2
Let q(w) = 3*w + 3. Let r be q(-2). What is the units digit of (-6)/2 - 33/r?
8
Let b(p) = p**3 + 5*p**2 + 5. Let m(l) = l**2 + l. Let g(f) = -b(f) - 4*m(f). What is the tens digit of g(-9)?
3
Let j(w) = w**2 - 8*w + 9. Let h be j(7). Suppose 0 = 3*a - a + 5*k + 38, 0 = 2*a - h*k + 10. Let n = a + 21. What is the tens digit of n?
1
Let t = -19 - -41. What is the tens digit of t?
2
Suppose 3*g = 3, 9*g + 279 = 4*o + 4*g. What is the tens digit of o?
7
Let s(u) = -u**3 - 11*u**2 - 10*u + 12. Let z be s(-10). What is the units digit of (-3)/z + 58/8?
7
Let t be 3 - 1 - (2 - 10). Let z = 19 + t. Suppose -q + 2*l = -z, -6*q = -q - 3*l - 110. What is the tens digit of q?
1
Let j = -20 + 34. Let b = j + -7. What is the units digit of b?
7
Suppose -2*i = -215 - 9. What is the units digit of i?
2
Let z = -3 - -6. Let o = 0 + z. Suppose -3 = o*x - 39. What is the units digit of x?
2
Let b(y) = y + 6. What is the units digit of b(3)?
9
Suppose -3*d = -4*d + 3. Let j(y) = -y**2 - 4*y - 2. Let b be j(-3). What is the units digit of b/((-2)/(d + -21))?
9
Let q(z) = z**2 - 8*z + 3. Let d be q(8). Let m = -1 + d. Suppose t - 51 = -4*c, -3*c + 13 + 29 = m*t. What is the units digit of c?
2
Suppose -y = -0*y + 3, -2*j - 5*y + 173 = 0. What is the units digit of j?
4
What is the tens digit of (-15)/6*(-114)/(-10)*-2?
5
Let h be 1*(5 - -2)*-1. Let g(k) = -14*k**2 - 26*k + 35. Let f(w) = -5*w**2 - 9*w + 12. Let s(j) = 11*f(j) - 4*g(j). What is the units digit of s(h)?
6
Suppose 2*z + 3*z = 0. What is the units digit of 17 + (0 - (z - 4))?
1
What is the tens digit of 83 + 1 - 0/7?
8
Suppose 822 = 4*r - 0*i + 3*i, -4*i = 8. What is the hundreds digit of r?
2
Let g(p) = -p - 1. Let n(k) = -3*k - 3. Let d(i) = -4*g(i) + n(i). What is the units digit of d(3)?
4
Let y = -7 + 9. Let k = y + -1. What is the units digit of k?
1
Let a(x) = 5*x - 5 - 9*x + x**3 + 2*x + 5*x**2. Let q be a(-5). Suppose 2*h - q*h = -30. What is the units digit of h?
0
Let l(h) = 2*h + 8. Let t be l(-5). What is the units digit of (-9 - -8)/(t/26)?
3
Let g(s) = 5*s**2 - 2*s + 3. Let p(m) = -m**2 + 11*m - 16. Let k be p(9). What is the tens digit of g(k)?
1
Let h = 61 - 112. Let z = -22 - h. What is the tens digit of z?
2
Let x = 17 + 8. 